at is the billions digit of 1631431638?
1
What is the hundred millions digit of 862315328?
8
What is the ten thousands digit of 57513889?
1
What is the ten millions digit of 774922248?
7
What is the units digit of 134437282?
2
What is the millions digit of 177594143?
7
What is the tens digit of 291385321?
2
What is the millions digit of 268713443?
8
What is the billions digit of 1706228753?
1
What is the millions digit of 985135993?
5
What is the thousands digit of 51803462?
3
What is the units digit of 1294793367?
7
What is the thousands digit of 270475814?
5
What is the hundred millions digit of 1998958439?
9
What is the thousands digit of 1193679843?
9
What is the hundreds digit of 38578258?
2
What is the hundred thousands digit of 812924266?
9
What is the tens digit of 648811423?
2
What is the ten thousands digit of 140174279?
7
What is the millions digit of 40447101?
0
What is the hundred millions digit of 205882217?
2
What is the tens digit of 39615709?
0
What is the ten millions digit of 177429202?
7
What is the ten thousands digit of 2229393016?
9
What is the thousands digit of 113959218?
9
What is the ten thousands digit of 412765082?
6
What is the tens digit of 531301642?
4
What is the hundreds digit of 323729584?
5
What is the ten millions digit of 32582621?
3
What is the hundred millions digit of 389816507?
3
What is the hundred millions digit of 334163386?
3
What is the hundreds digit of 3030595730?
7
What is the hundred millions digit of 676744970?
6
What is the hundred thousands digit of 34327666?
3
What is the millions digit of 996462301?
6
What is the tens digit of 335060017?
1
What is the hundred millions digit of 176122424?
1
What is the ten millions digit of 11627110?
1
What is the ten thousands digit of 371695765?
9
What is the thousands digit of 62656466?
6
What is the millions digit of 3330065?
3
What is the thousands digit of 37049260?
9
What is the ten thousands digit of 1156719533?
1
What is the hundred millions digit of 193007823?
1
What is the ten millions digit of 2615178510?
1
What is the hundred thousands digit of 44916388?
9
What is the hundred millions digit of 640689938?
6
What is the millions digit of 31813742?
1
What is the ten thousands digit of 372847088?
4
What is the hundreds digit of 62508862?
8
What is the ten millions digit of 79268719?
7
What is the units digit of 239910863?
3
What is the millions digit of 1540206482?
0
What is the hundred millions digit of 6545038280?
5
What is the hundreds digit of 2360309517?
5
What is the hundred thousands digit of 47298364?
2
What is the ten millions digit of 18495918?
1
What is the ten thousands digit of 67686316?
8
What is the billions digit of 3008094307?
3
What is the hundred millions digit of 997677133?
9
What is the billions digit of 3341866286?
3
What is the millions digit of 871129084?
1
What is the millions digit of 325915547?
5
What is the tens digit of 456612234?
3
What is the thousands digit of 1301661926?
1
What is the ten millions digit of 515234852?
1
What is the thousands digit of 74833215?
3
What is the units digit of 31450789?
9
What is the tens digit of 432098022?
2
What is the hundreds digit of 707282059?
0
What is the ten thousands digit of 401602606?
0
What is the ten thousands digit of 67928088?
2
What is the units digit of 198011068?
8
What is the hundreds digit of 52112534?
5
What is the thousands digit of 2503152811?
2
What is the millions digit of 48859395?
8
What is the millions digit of 901403817?
1
What is the tens digit of 936987542?
4
What is the millions digit of 7192885027?
2
What is the units digit of 26576543?
3
What is the millions digit of 223580140?
3
What is the hundred thousands digit of 10455184?
4
What is the ten millions digit of 494147500?
9
What is the hundred thousands digit of 51697388?
6
What is the hundred thousands digit of 252850061?
8
What is the hundreds digit of 298056959?
9
What is the tens digit of 6363219557?
5
What is the thousands digit of 2944627269?
7
What is the thousands digit of 108596519?
6
What is the ten thousands digit of 1157207712?
0
What is the units digit of 281029246?
6
What is the hundred thousands digit of 11056160?
0
What is the millions digit of 747919434?
7
What is the hundreds digit of 13823570?
5
What is the units digit of 3218930525?
5
What is the millions digit of 7228950756?
8
What is the ten thousands digit of 1126752497?
5
What is the ten thousands digit of 1825016329?
1
What is the units digit of 125806193?
3
What is the units digit of 6240309165?
5
What is the hundreds digit of 31853047?
0
What is the hundred thousands digit of 22096311?
0
What is the units digit of 70355872?
2
What is the ten thousands digit of 313257863?
5
What is the hundreds digit of 1484183458?
4
What is the hundred millions digit of 1460894564?
4
What is the hundred thousands digit of 103711184?
7
What is the units digit of 4671871154?
4
What is the thousands digit of 332835650?
5
What is the thousands digit of 91473203?
3
What is the ten thousands digit of 174824231?
2
What is the hundred millions digit of 4066984163?
0
What is the units digit of 8645036?
6
What is the hundreds digit of 37746842?
8
What is the ten thousands digit of 318526517?
2
What is the ten thousands digit of 37822341?
2
What is the ten thousands digit of 9141198?
4
What is the ten thousands digit of 623226812?
2
What is the ten thousands digit of 3350099290?
9
What is the hundred thousands digit of 46552639?
5
What is the hundreds digit of 34771506?
5
What is the tens digit of 420065135?
3
What is the ten thousands digit of 31515429?
1
What is the ten millions digit of 67336167?
6
What is the millions digit of 489895647?
9
What is the thousands digit of 27793757?
3
What is the units digit of 175723860?
0
What is the hundred millions digit of 472145512?
4
What is the hundred millions digit of 1352078852?
3
What is the ten thousands digit of 1142187778?
8
What is the units digit of 53060812?
2
What is the thousands digit of 7707613958?
3
What is the hundred thousands digit of 184944888?
9
What is the hundreds digit of 396536759?
7
What is the hundreds digit of 24749176?
1
What is the units digit of 96465266?
6
What is the tens digit of 4449182838?
3
What is the thousands digit of 11267413?
7
What is the millions digit of 1763596783?
3
What is the ten millions digit of 1648821994?
4
What is the thousands digit of 762545160?
5
What is the thousands digit of 224498788?
8
What is the tens digit of 281609757?
5
What is the hundred millions digit of 455598138?
4
What is the units digit of 3332973840?
0
What is the hundred thousands digit of 844775487?
7
What is the ten thousands digit of 1769144855?
4
What is the ten thousands digit of 1062650784?
5
What is the hundred thousands digit of 198991292?
9
What is the units digit of 451767352?
2
What is the ten thousands digit of 36868905?
6
What is the thousands digit of 475779160?
9
What is the billions digit of 1489484461?
1
What is the hundred thousands digit of 2891257987?
2
What is the ten thousands digit of 937359056?
5
What is the ten thousands digit of 132071099?
7
What is the millions digit of 54140031?
4
What is the hundred millions digit of 971829252?
9
What is the ten thousands digit of 132106670?
0
What is the hundred thousands digit of 1077178673?
1
What is the millions digit of 85888596?
5
What is the billions digit of 1746894570?
1
What is the hundred thousands digit of 8789400298?
4
What is the tens digit of 25699935?
3
What is the billions digit of 3982136957?
3
What is the ten millions digit of 37813596?
3
What is the millions digit of 1187572063?
7
What is the units digit of 241245752?
2
What is the tens digit of 27327797?
9
What is the hundred thousands digit of 127431203?
4
What is the tens digit of 373157208?
0
What is the tens digit of 7806976?
7
What is the units digit of 87519112?
2
What is the units digit of 2515643880?
0
What is the ten millions digit of 57821291?
5
What is the ten millions digit of 1811612716?
1
What is the tens digit of 48769325?
2
What is the millions digit of 170991670?
0
What is the hundred thousands digit of 1402880750?
8
What is the tens digit of 84847921?
2
What is the hundred thousands digit of 166097917?
0
What is the ten thousands di